{"id":19,"date":"2026-03-16T16:04:56","date_gmt":"2026-03-16T16:04:56","guid":{"rendered":"https:\/\/kedi.mx\/?page_id=19"},"modified":"2026-03-17T04:22:50","modified_gmt":"2026-03-17T04:22:50","slug":"elementor-19","status":"publish","type":"page","link":"https:\/\/kedi.mx\/","title":{"rendered":"Kedi"},"content":{"rendered":"\t\t<div data-elementor-type=\"wp-page\" data-elementor-id=\"19\" class=\"elementor elementor-19\">\n\t\t\t\t<div class=\"elementor-element elementor-element-5ce944f e-con-full e-flex e-con e-parent\" data-id=\"5ce944f\" data-element_type=\"container\" data-e-type=\"container\" data-settings=\"{&quot;background_background&quot;:&quot;slideshow&quot;,&quot;background_slideshow_gallery&quot;:[],&quot;background_slideshow_slide_duration&quot;:5000,&quot;background_slideshow_slide_transition&quot;:&quot;fade&quot;,&quot;background_slideshow_transition_duration&quot;:500}\">\n\t\t<div class=\"elementor-element elementor-element-793249d e-con-full e-flex e-con e-child\" data-id=\"793249d\" data-element_type=\"container\" data-e-type=\"container\" data-settings=\"{&quot;background_background&quot;:&quot;slideshow&quot;,&quot;background_slideshow_gallery&quot;:[{&quot;id&quot;:24,&quot;url&quot;:&quot;https:\\\/\\\/kedi.mx\\\/wp-content\\\/uploads\\\/2026\\\/03\\\/Cobija-merida-1.jpeg&quot;}],&quot;background_slideshow_slide_duration&quot;:5000,&quot;background_slideshow_slide_transition&quot;:&quot;fade&quot;,&quot;background_slideshow_transition_duration&quot;:500}\">\n\t\t\t\t<div class=\"elementor-element elementor-element-d0b5d59 elementor-widget elementor-widget-heading\" data-id=\"d0b5d59\" data-element_type=\"widget\" data-e-type=\"widget\" data-widget_type=\"heading.default\">\n\t\t\t\t\t<h2 class=\"elementor-heading-title elementor-size-default\">Cobijas personalizadas para beb\u00e9<\/h2>\t\t\t\t<\/div>\n\t\t\t\t<div class=\"elementor-element elementor-element-6836659 elementor-widget elementor-widget-text-editor\" data-id=\"6836659\" data-element_type=\"widget\" data-e-type=\"widget\" data-widget_type=\"text-editor.default\">\n\t\t\t\t\t\t\t\t\t<p>Un recuerdo suave, c\u00e1lido y \u00fanico.<br data-start=\"774\" data-end=\"777\" \/>El regalo perfecto para baby shower o nacimiento.<\/p>\t\t\t\t\t\t\t\t<\/div>\n\t\t\t\t<div class=\"elementor-element elementor-element-99e74f4 elementor-mobile-align-justify elementor-widget-mobile__width-auto elementor-widget elementor-widget-button\" data-id=\"99e74f4\" data-element_type=\"widget\" data-e-type=\"widget\" data-widget_type=\"button.default\">\n\t\t\t\t\t\t\t\t\t\t<a class=\"elementor-button elementor-button-link elementor-size-sm\" href=\"https:\/\/wa.me\/523318958313\" target=\"_blank\" rel=\"noopener\">\n\t\t\t\t\t\t<span class=\"elementor-button-content-wrapper\">\n\t\t\t\t\t\t\t\t\t<span class=\"elementor-button-text\">\ud83d\udc49 Personalizar mi cobija<\/span>\n\t\t\t\t\t<\/span>\n\t\t\t\t\t<\/a>\n\t\t\t\t\t\t\t\t<\/div>\n\t\t\t\t<\/div>\n\t\t<div class=\"elementor-element elementor-element-02ae148 e-con-full e-flex e-con e-child\" data-id=\"02ae148\" data-element_type=\"container\" data-e-type=\"container\" data-settings=\"{&quot;background_background&quot;:&quot;classic&quot;}\">\n\t\t\t\t<div class=\"elementor-element elementor-element-4255bd1 elementor-widget elementor-widget-heading\" data-id=\"4255bd1\" data-element_type=\"widget\" data-e-type=\"widget\" data-widget_type=\"heading.default\">\n\t\t\t\t\t<h2 class=\"elementor-heading-title elementor-size-default\">\u00bfPor qu\u00e9 elegir una cobija Kedi?<br><br><p data-start=\"1662\" data-end=\"1819\"><img decoding=\"async\" role=\"img\" class=\"emoji\" alt=\"\ud83e\uddf5\" src=\"https:\/\/s.w.org\/images\/core\/emoji\/17.0.2\/svg\/1f9f5.svg\"> Tejido suave y resistente<br data-start=\"1690\" data-end=\"1693\">\n<img decoding=\"async\" role=\"img\" class=\"emoji\" alt=\"\ud83c\udfa8\" src=\"https:\/\/s.w.org\/images\/core\/emoji\/17.0.2\/svg\/1f3a8.svg\"> Personalizaci\u00f3n de nombre y colores<br data-start=\"1731\" data-end=\"1734\">\n<img decoding=\"async\" role=\"img\" class=\"emoji\" alt=\"\ud83c\udf81\" src=\"https:\/\/s.w.org\/images\/core\/emoji\/17.0.2\/svg\/1f381.svg\"> Regalo ideal para nacimiento o baby shower<br data-start=\"1779\" data-end=\"1782\">\n<img decoding=\"async\" role=\"img\" class=\"emoji\" alt=\"\ud83c\uddf2\ud83c\uddfd\" src=\"https:\/\/s.w.org\/images\/core\/emoji\/17.0.2\/svg\/1f1f2-1f1fd.svg\"> Hecho en M\u00e9xico con dedicaci\u00f3n<\/p><\/h2>\t\t\t\t<\/div>\n\t\t\t\t<\/div>\n\t\t<div class=\"elementor-element elementor-element-e74f92b e-con-full e-flex e-con e-child\" data-id=\"e74f92b\" data-element_type=\"container\" data-e-type=\"container\">\n\t\t\t\t<div class=\"elementor-element elementor-element-c61ee39 elementor-widget elementor-widget-heading\" data-id=\"c61ee39\" data-element_type=\"widget\" data-e-type=\"widget\" data-widget_type=\"heading.default\">\n\t\t\t\t\t<h2 class=\"elementor-heading-title elementor-size-default\">Dise\u00f1os que ya forman parte de muchas historias<\/h2>\t\t\t\t<\/div>\n\t\t\t\t<div class=\"elementor-element elementor-element-3e0a1b0 gallery-spacing-custom elementor-widget__width-auto e-transform elementor-widget elementor-widget-image-gallery\" data-id=\"3e0a1b0\" data-element_type=\"widget\" data-e-type=\"widget\" data-settings=\"{&quot;_transform_translateX_effect&quot;:{&quot;unit&quot;:&quot;px&quot;,&quot;size&quot;:&quot;&quot;,&quot;sizes&quot;:[]},&quot;_transform_translateX_effect_tablet&quot;:{&quot;unit&quot;:&quot;px&quot;,&quot;size&quot;:&quot;&quot;,&quot;sizes&quot;:[]},&quot;_transform_translateX_effect_mobile&quot;:{&quot;unit&quot;:&quot;px&quot;,&quot;size&quot;:&quot;&quot;,&quot;sizes&quot;:[]},&quot;_transform_translateY_effect&quot;:{&quot;unit&quot;:&quot;px&quot;,&quot;size&quot;:&quot;&quot;,&quot;sizes&quot;:[]},&quot;_transform_translateY_effect_tablet&quot;:{&quot;unit&quot;:&quot;px&quot;,&quot;size&quot;:&quot;&quot;,&quot;sizes&quot;:[]},&quot;_transform_translateY_effect_mobile&quot;:{&quot;unit&quot;:&quot;px&quot;,&quot;size&quot;:&quot;&quot;,&quot;sizes&quot;:[]}}\" data-widget_type=\"image-gallery.default\">\n\t\t\t\t\t\t\t<div class=\"elementor-image-gallery\">\n\t\t\t<div id='gallery-1' class='gallery galleryid-19 gallery-columns-1 gallery-size-full'><figure class='gallery-item'>\n\t\t\t<div class='gallery-icon portrait'>\n\t\t\t\t<a data-elementor-open-lightbox=\"yes\" data-elementor-lightbox-slideshow=\"3e0a1b0\" data-elementor-lightbox-title=\"Kedi.mx\" data-e-action-hash=\"#elementor-action%3Aaction%3Dlightbox%26settings%3DeyJpZCI6NTQsInVybCI6Imh0dHBzOlwvXC9rZWRpLm14XC93cC1jb250ZW50XC91cGxvYWRzXC8yMDI2XC8wM1wvS2VkaS5teF8uanBnIiwic2xpZGVzaG93IjoiM2UwYTFiMCJ9\" href=\"https:\/\/kedi.mx\/wp-content\/uploads\/2026\/03\/Kedi.mx_.jpg\"><img fetchpriority=\"high\" decoding=\"async\" width=\"1200\" height=\"1565\" src=\"https:\/\/kedi.mx\/wp-content\/uploads\/2026\/03\/Kedi.mx_.jpg\" class=\"attachment-full size-full\" alt=\"\" srcset=\"https:\/\/kedi.mx\/wp-content\/uploads\/2026\/03\/Kedi.mx_.jpg 1200w, https:\/\/kedi.mx\/wp-content\/uploads\/2026\/03\/Kedi.mx_-230x300.jpg 230w, https:\/\/kedi.mx\/wp-content\/uploads\/2026\/03\/Kedi.mx_-785x1024.jpg 785w, https:\/\/kedi.mx\/wp-content\/uploads\/2026\/03\/Kedi.mx_-768x1002.jpg 768w, https:\/\/kedi.mx\/wp-content\/uploads\/2026\/03\/Kedi.mx_-1178x1536.jpg 1178w\" sizes=\"(max-width: 1200px) 100vw, 1200px\" \/><\/a>\n\t\t\t<\/div><\/figure><figure class='gallery-item'>\n\t\t\t<div class='gallery-icon portrait'>\n\t\t\t\t<a data-elementor-open-lightbox=\"yes\" data-elementor-lightbox-slideshow=\"3e0a1b0\" data-elementor-lightbox-title=\"Kedi.mx2\" data-e-action-hash=\"#elementor-action%3Aaction%3Dlightbox%26settings%3DeyJpZCI6NTUsInVybCI6Imh0dHBzOlwvXC9rZWRpLm14XC93cC1jb250ZW50XC91cGxvYWRzXC8yMDI2XC8wM1wvS2VkaS5teDJfLmpwZyIsInNsaWRlc2hvdyI6IjNlMGExYjAifQ%3D%3D\" href=\"https:\/\/kedi.mx\/wp-content\/uploads\/2026\/03\/Kedi.mx2_.jpg\"><img decoding=\"async\" width=\"1200\" height=\"2048\" src=\"https:\/\/kedi.mx\/wp-content\/uploads\/2026\/03\/Kedi.mx2_.jpg\" class=\"attachment-full size-full\" alt=\"\" srcset=\"https:\/\/kedi.mx\/wp-content\/uploads\/2026\/03\/Kedi.mx2_.jpg 1200w, https:\/\/kedi.mx\/wp-content\/uploads\/2026\/03\/Kedi.mx2_-176x300.jpg 176w, https:\/\/kedi.mx\/wp-content\/uploads\/2026\/03\/Kedi.mx2_-600x1024.jpg 600w, https:\/\/kedi.mx\/wp-content\/uploads\/2026\/03\/Kedi.mx2_-768x1311.jpg 768w, https:\/\/kedi.mx\/wp-content\/uploads\/2026\/03\/Kedi.mx2_-900x1536.jpg 900w\" sizes=\"(max-width: 1200px) 100vw, 1200px\" \/><\/a>\n\t\t\t<\/div><\/figure><figure class='gallery-item'>\n\t\t\t<div class='gallery-icon portrait'>\n\t\t\t\t<a data-elementor-open-lightbox=\"yes\" data-elementor-lightbox-slideshow=\"3e0a1b0\" data-elementor-lightbox-title=\"Kedi.mx3\" data-e-action-hash=\"#elementor-action%3Aaction%3Dlightbox%26settings%3DeyJpZCI6NTcsInVybCI6Imh0dHBzOlwvXC9rZWRpLm14XC93cC1jb250ZW50XC91cGxvYWRzXC8yMDI2XC8wM1wvS2VkaS5teDNfLmpwZyIsInNsaWRlc2hvdyI6IjNlMGExYjAifQ%3D%3D\" href=\"https:\/\/kedi.mx\/wp-content\/uploads\/2026\/03\/Kedi.mx3_.jpg\"><img decoding=\"async\" width=\"1200\" height=\"1565\" src=\"https:\/\/kedi.mx\/wp-content\/uploads\/2026\/03\/Kedi.mx3_.jpg\" class=\"attachment-full size-full\" alt=\"\" srcset=\"https:\/\/kedi.mx\/wp-content\/uploads\/2026\/03\/Kedi.mx3_.jpg 1200w, https:\/\/kedi.mx\/wp-content\/uploads\/2026\/03\/Kedi.mx3_-230x300.jpg 230w, https:\/\/kedi.mx\/wp-content\/uploads\/2026\/03\/Kedi.mx3_-785x1024.jpg 785w, https:\/\/kedi.mx\/wp-content\/uploads\/2026\/03\/Kedi.mx3_-768x1002.jpg 768w, https:\/\/kedi.mx\/wp-content\/uploads\/2026\/03\/Kedi.mx3_-1178x1536.jpg 1178w\" sizes=\"(max-width: 1200px) 100vw, 1200px\" \/><\/a>\n\t\t\t<\/div><\/figure>\n\t\t<\/div>\n\t\t<\/div>\n\t\t\t\t\t\t<\/div>\n\t\t\t\t<\/div>\n\t\t<div class=\"elementor-element elementor-element-0b9b557 e-con-full e-flex e-con e-child\" data-id=\"0b9b557\" data-element_type=\"container\" data-e-type=\"container\">\n\t\t\t\t<div class=\"elementor-element elementor-element-d2424d5 elementor-widget elementor-widget-heading\" data-id=\"d2424d5\" data-element_type=\"widget\" data-e-type=\"widget\" data-widget_type=\"heading.default\">\n\t\t\t\t\t<h2 class=\"elementor-heading-title elementor-size-default\">\u00bfC\u00f3mo personalizar tu cobija?<\/h2>\t\t\t\t<\/div>\n\t\t<div class=\"elementor-element elementor-element-35f4a6e e-con-full e-flex e-con e-child\" data-id=\"35f4a6e\" data-element_type=\"container\" data-e-type=\"container\">\n\t\t\t\t<div class=\"elementor-element elementor-element-ec59610 elementor-widget elementor-widget-text-editor\" data-id=\"ec59610\" data-element_type=\"widget\" data-e-type=\"widget\" data-widget_type=\"text-editor.default\">\n\t\t\t\t\t\t\t\t\t<p data-start=\"1603\" data-end=\"1761\">1\ufe0f\u20e3 Elige colores, tama\u00f1o, tipografia o insp\u00edrate en nuestros dise\u00f1os, tambien dise\u00f1amos tu idea.<br data-start=\"1652\" data-end=\"1655\" \/>2\ufe0f\u20e3 Env\u00edanos el nombre del beb\u00e9<br data-start=\"1686\" data-end=\"1689\" \/>3\ufe0f\u20e3 Confirmamos detalles contigo<br data-start=\"1721\" data-end=\"1724\" \/>4\ufe0f\u20e3 Fabricamos y enviamos tu cobija<\/p><p data-start=\"1763\" data-end=\"1806\">Tiempo de fabricaci\u00f3n aproximado: 8 a 10 d\u00edas habiles.<\/p>\t\t\t\t\t\t\t\t<\/div>\n\t\t\t\t<\/div>\n\t\t\t\t<div class=\"elementor-element elementor-element-6144325 elementor-widget-mobile__width-auto elementor-widget elementor-widget-button\" data-id=\"6144325\" data-element_type=\"widget\" data-e-type=\"widget\" data-widget_type=\"button.default\">\n\t\t\t\t\t\t\t\t\t\t<a class=\"elementor-button elementor-button-link elementor-size-sm\" href=\"#\">\n\t\t\t\t\t\t<span class=\"elementor-button-content-wrapper\">\n\t\t\t\t\t\t\t\t\t<span class=\"elementor-button-text\">\ud83d\udc49 Pedir por WhatsApp<\/span>\n\t\t\t\t\t<\/span>\n\t\t\t\t\t<\/a>\n\t\t\t\t\t\t\t\t<\/div>\n\t\t<div class=\"elementor-element elementor-element-7553307 e-con-full e-flex e-con e-child\" data-id=\"7553307\" data-element_type=\"container\" data-e-type=\"container\">\n\t\t<div class=\"elementor-element elementor-element-ec163cc e-con-full e-flex e-con e-child\" data-id=\"ec163cc\" data-element_type=\"container\" data-e-type=\"container\">\n\t\t\t\t<div class=\"elementor-element elementor-element-335d66c elementor-widget elementor-widget-heading\" data-id=\"335d66c\" data-element_type=\"widget\" data-e-type=\"widget\" data-widget_type=\"heading.default\">\n\t\t\t\t\t<h2 class=\"elementor-heading-title elementor-size-default\">Lo que dicen las familias Kedi<\/h2>\t\t\t\t<\/div>\n\t\t\t\t<\/div>\n\t\t<div class=\"elementor-element elementor-element-a269034 e-con-full e-flex e-con e-child\" data-id=\"a269034\" data-element_type=\"container\" data-e-type=\"container\">\n\t\t\t\t<div class=\"elementor-element elementor-element-a7fe09e elementor-widget elementor-widget-text-editor\" data-id=\"a7fe09e\" data-element_type=\"widget\" data-e-type=\"widget\" data-widget_type=\"text-editor.default\">\n\t\t\t\t\t\t\t\t\t<blockquote data-start=\"821\" data-end=\"892\"><p data-start=\"823\" data-end=\"892\">\u201cLa calidad supera expectativas. Definitivamente volver\u00eda a comprar.\u201d<\/p><\/blockquote><p data-start=\"894\" data-end=\"908\">\u2014 Cliente Kedi<\/p>\t\t\t\t\t\t\t\t<\/div>\n\t\t\t\t<\/div>\n\t\t<div class=\"elementor-element elementor-element-340aa7d e-con-full e-flex e-con e-child\" data-id=\"340aa7d\" data-element_type=\"container\" data-e-type=\"container\">\n\t\t\t\t<div class=\"elementor-element elementor-element-2adf24c elementor-widget elementor-widget-text-editor\" data-id=\"2adf24c\" data-element_type=\"widget\" data-e-type=\"widget\" data-widget_type=\"text-editor.default\">\n\t\t\t\t\t\t\t\t\t<blockquote data-start=\"712\" data-end=\"780\"><p data-start=\"714\" data-end=\"780\">\u201cExcelente atenci\u00f3n y personalizaci\u00f3n. Lleg\u00f3 perfecta y a tiempo.\u201d<\/p><\/blockquote><p data-start=\"782\" data-end=\"794\">\u2014 Daniela R.<\/p>\t\t\t\t\t\t\t\t<\/div>\n\t\t\t\t<\/div>\n\t\t<div class=\"elementor-element elementor-element-f242fc7 e-con-full e-flex e-con e-child\" data-id=\"f242fc7\" data-element_type=\"container\" data-e-type=\"container\">\n\t\t\t\t<div class=\"elementor-element elementor-element-cb014fb elementor-widget elementor-widget-text-editor\" data-id=\"cb014fb\" data-element_type=\"widget\" data-e-type=\"widget\" data-widget_type=\"text-editor.default\">\n\t\t\t\t\t\t\t\t\t<blockquote data-start=\"569\" data-end=\"671\"><p data-start=\"571\" data-end=\"671\">\u201cLa cobija qued\u00f3 hermosa, s\u00faper suave y con un acabado incre\u00edble. Fue el mejor regalo para mi beb\u00e9.\u201d<\/p><\/blockquote><p data-start=\"673\" data-end=\"685\">\u2014 Mariana G.<\/p>\t\t\t\t\t\t\t\t<\/div>\n\t\t\t\t<\/div>\n\t\t\t\t<\/div>\n\t\t\t\t<\/div>\n\t\t<div class=\"elementor-element elementor-element-8e88aba e-con-full e-flex e-con e-child\" data-id=\"8e88aba\" data-element_type=\"container\" data-e-type=\"container\">\n\t\t<div class=\"elementor-element elementor-element-256ec62 e-con-full e-flex e-con e-child\" data-id=\"256ec62\" data-element_type=\"container\" data-e-type=\"container\">\n\t\t\t\t<div class=\"elementor-element elementor-element-aef5eab elementor-widget elementor-widget-image\" data-id=\"aef5eab\" data-element_type=\"widget\" data-e-type=\"widget\" data-widget_type=\"image.default\">\n\t\t\t\t\t\t\t\t\t\t\t\t\t\t\t<img loading=\"lazy\" decoding=\"async\" width=\"300\" height=\"202\" src=\"https:\/\/kedi.mx\/wp-content\/uploads\/2026\/03\/Logo-Kedi-136x92.jpg\" class=\"attachment-medium size-medium wp-image-107\" alt=\"\" srcset=\"https:\/\/kedi.mx\/wp-content\/uploads\/2026\/03\/Logo-Kedi-300x202.jpg 300w, https:\/\/kedi.mx\/wp-content\/uploads\/2026\/03\/Logo-Kedi-768x518.jpg 768w, https:\/\/kedi.mx\/wp-content\/uploads\/2026\/03\/Logo-Kedi-136x92.jpg 136w, https:\/\/kedi.mx\/wp-content\/uploads\/2026\/03\/Logo-Kedi.jpg 1009w\" sizes=\"(max-width: 300px) 100vw, 300px\" \/>\t\t\t\t\t\t\t\t\t\t\t\t\t\t\t<\/div>\n\t\t\t\t<\/div>\n\t\t<div class=\"elementor-element elementor-element-f9ffafc e-con-full e-flex e-con e-child\" data-id=\"f9ffafc\" data-element_type=\"container\" data-e-type=\"container\">\n\t\t\t\t<div class=\"elementor-element elementor-element-e4613c9 elementor-widget elementor-widget-text-editor\" data-id=\"e4613c9\" data-element_type=\"widget\" data-e-type=\"widget\" data-widget_type=\"text-editor.default\">\n\t\t\t\t\t\t\t\t\t<p data-start=\"853\" data-end=\"922\">\ud83d\udcf1 WhatsApp: +52 3318958313<br data-start=\"873\" data-end=\"876\" \/>\ud83d\udcf7 Instagram: @kedi.mexico<br data-start=\"902\" data-end=\"905\" \/>\u2709\ufe0f <a class=\"decorated-link cursor-pointer\" rel=\"noopener\" data-start=\"908\" data-end=\"920\">hola@kedi.mx<\/a><\/p>\t\t\t\t\t\t\t\t<\/div>\n\t\t\t\t<\/div>\n\t\t<div class=\"elementor-element elementor-element-fee5c36 e-con-full e-flex e-con e-child\" data-id=\"fee5c36\" data-element_type=\"container\" data-e-type=\"container\">\n\t\t\t\t<div class=\"elementor-element elementor-element-bbeacbd elementor-widget elementor-widget-text-editor\" data-id=\"bbeacbd\" data-element_type=\"widget\" data-e-type=\"widget\" data-widget_type=\"text-editor.default\">\n\t\t\t\t\t\t\t\t\t<p data-start=\"698\" data-end=\"800\">Cobijas tejidas personalizadas para beb\u00e9.<br data-start=\"739\" data-end=\"742\" \/>Hechas en M\u00e9xico con dedicaci\u00f3n y cuidado en cada detalle.<\/p>\t\t\t\t\t\t\t\t<\/div>\n\t\t\t\t<\/div>\n\t\t<div class=\"elementor-element elementor-element-07c72c9 e-con-full e-flex e-con e-child\" data-id=\"07c72c9\" data-element_type=\"container\" data-e-type=\"container\">\n\t\t\t\t<div class=\"elementor-element elementor-element-fb06fe3 elementor-widget elementor-widget-text-editor\" data-id=\"fb06fe3\" data-element_type=\"widget\" data-e-type=\"widget\" data-widget_type=\"text-editor.default\">\n\t\t\t\t\t\t\t\t\t<p>Kedi \u2014 Tejiendo recuerdos desde M\u00e9xico<\/p>\t\t\t\t\t\t\t\t<\/div>\n\t\t\t\t<\/div>\n\t\t\t\t<\/div>\n\t\t\t\t<\/div>\n\t\t\t\t<\/div>\n\t\t","protected":false},"excerpt":{"rendered":"<p>Cobijas personalizadas para beb\u00e9 Un recuerdo suave, c\u00e1lido y \u00fanico.El regalo perfecto para baby shower o nacimiento. \ud83d\udc49 Personalizar mi [&hellip;]<\/p>\n","protected":false},"author":1,"featured_media":0,"parent":0,"menu_order":0,"comment_status":"closed","ping_status":"closed","template":"","meta":{"site-sidebar-layout":"no-sidebar","site-content-layout":"","ast-site-content-layout":"full-width-container","site-content-style":"default","site-sidebar-style":"default","ast-global-header-display":"","ast-banner-title-visibility":"","ast-main-header-display":"","ast-hfb-above-header-display":"","ast-hfb-below-header-display":"","ast-hfb-mobile-header-display":"","site-post-title":"disabled","ast-breadcrumbs-content":"","ast-featured-img":"disabled","footer-sml-layout":"","ast-disable-related-posts":"","theme-transparent-header-meta":"","adv-header-id-meta":"","stick-header-meta":"","header-above-stick-meta":"","header-main-stick-meta":"","header-below-stick-meta":"","astra-migrate-meta-layouts":"default","ast-page-background-enabled":"default","ast-page-background-meta":{"desktop":{"background-color":"var(--ast-global-color-5)","background-image":"","background-repeat":"repeat","background-position":"center center","background-size":"auto","background-attachment":"scroll","background-type":"","background-media":"","overlay-type":"","overlay-color":"","overlay-opacity":"","overlay-gradient":""},"tablet":{"background-color":"","background-image":"","background-repeat":"repeat","background-position":"center center","background-size":"auto","background-attachment":"scroll","background-type":"","background-media":"","overlay-type":"","overlay-color":"","overlay-opacity":"","overlay-gradient":""},"mobile":{"background-color":"","background-image":"","background-repeat":"repeat","background-position":"center center","background-size":"auto","background-attachment":"scroll","background-type":"","background-media":"","overlay-type":"","overlay-color":"","overlay-opacity":"","overlay-gradient":""}},"ast-content-background-meta":{"desktop":{"background-color":"var(--ast-global-color-4)","background-image":"","background-repeat":"repeat","background-position":"center center","background-size":"auto","background-attachment":"scroll","background-type":"","background-media":"","overlay-type":"","overlay-color":"","overlay-opacity":"","overlay-gradient":""},"tablet":{"background-color":"var(--ast-global-color-4)","background-image":"","background-repeat":"repeat","background-position":"center center","background-size":"auto","background-attachment":"scroll","background-type":"","background-media":"","overlay-type":"","overlay-color":"","overlay-opacity":"","overlay-gradient":""},"mobile":{"background-color":"var(--ast-global-color-4)","background-image":"","background-repeat":"repeat","background-position":"center center","background-size":"auto","background-attachment":"scroll","background-type":"","background-media":"","overlay-type":"","overlay-color":"","overlay-opacity":"","overlay-gradient":""}},"footnotes":""},"class_list":["post-19","page","type-page","status-publish","hentry"],"_links":{"self":[{"href":"https:\/\/kedi.mx\/index.php\/wp-json\/wp\/v2\/pages\/19","targetHints":{"allow":["GET"]}}],"collection":[{"href":"https:\/\/kedi.mx\/index.php\/wp-json\/wp\/v2\/pages"}],"about":[{"href":"https:\/\/kedi.mx\/index.php\/wp-json\/wp\/v2\/types\/page"}],"author":[{"embeddable":true,"href":"https:\/\/kedi.mx\/index.php\/wp-json\/wp\/v2\/users\/1"}],"replies":[{"embeddable":true,"href":"https:\/\/kedi.mx\/index.php\/wp-json\/wp\/v2\/comments?post=19"}],"version-history":[{"count":150,"href":"https:\/\/kedi.mx\/index.php\/wp-json\/wp\/v2\/pages\/19\/revisions"}],"predecessor-version":[{"id":207,"href":"https:\/\/kedi.mx\/index.php\/wp-json\/wp\/v2\/pages\/19\/revisions\/207"}],"wp:attachment":[{"href":"https:\/\/kedi.mx\/index.php\/wp-json\/wp\/v2\/media?parent=19"}],"curies":[{"name":"wp","href":"https:\/\/api.w.org\/{rel}","templated":true}]}}